 Determine h(m).
5
Suppose 0 = 4*k - k - 9. Let m(u) = -6*u**k - 2*u + 4*u**3 - 2*u**2 - u**2. Give m(-2).
8
Let u(t) = t**3 + t + 1. Let p(y) = 3*y**3 + 10*y**2 - 10*y - 13. Let l(w) = p(w) - 2*u(w). Let g be l(-11). Let o(i) = 3*i + 6. Calculate o(g).
-6
Let p(k) be the second derivative of k**5/20 + 7*k**4/12 + 7*k**3/6 + 5*k**2/2 + 46*k. Determine p(-6).
-1
Let s(z) = z**3 - 4*z**2 + z - 5. Let x be (-1 - -3)/(7/14). What is s(x)?
-1
Let h(r) = -r - 16. Let f be h(-11). Let s(q) = q**2 + 7*q + 2. Calculate s(f).
-8
Let b(j) be the third derivative of j**5/60 - j**4/24 - j**3/3 + j**2. Suppose -3*h = -5*w + 25, 0 = h + h + 2*w + 6. Let v be (-2)/(-6) - h/3. Determine b(v).
0
Let j(m) = -1. Let a(b) = -b - 6. Let y(c) = a(c) - 6*j(c). Let x = -1 + -1. What is y(x)?
2
Suppose -7 = -d - 2*w, -5*d = -6*w + 5*w - 13. Let h(x) = 0*x + d + 0*x - x. Let r(u) = u**2 + 4*u - 2. Let n be r(-5). Give h(n).
0
Let f be ((-3)/12)/(2/8). Let d be 1 + -2 - (f + 0). Suppose d = -5*v + 2*v - 15. Let n(y) = -y**2 - 4*y - 7. Determine n(v).
-12
Let r(o) = o - 7*o + 0*o**2 + 2 + o**2. Let p be 3/(-7) - (-612)/(-42). Let m = -10 - p. Determine r(m).
-3
Let o(c) = -c**2 + 7*c - 4. Let x be o(6). Let b(t) = 2 - t + 5*t**2 - 4 - t**3 - 3*t**x. Suppose -i + 0 + 2 = 0. Determine b(i).
-4
Let t = 12 + -8. Suppose 0 = -t*f + 2*w + 8, -2*w = -2*f + 2*w - 2. Let s(u) = u**3 - 3*u**2 - u + 4. What is s(f)?
1
Let z(y) = 8*y**2 - 2*y - 7. Let q be 5 + (-1)/(0 + -1). Let s(a) = 7*a**2 - 2*a - 6. Let d(n) = q*s(n) - 5*z(n). Let f = 6 - 4. Give d(f).
3
Let g be (10 - 0)*(-18)/(-12). Let z = g + -9. Let a(m) = m**2 - 7*m + 3. Calculate a(z).
-3
Suppose d + 1 = 0, -7 = -2*x - 4*d + 3*d. Suppose -5*t - 5*y = -4*y - 10, -x*y = 0. Let z(c) = c + 3 + 1 - t*c. What is z(-3)?
7
Let d be 47/9 - (-4 + 76/18). Let k(i) = -3*i + i**2 + 6 - 2*i**2 + 5*i. Determine k(d).
-9
Let b(u) = -u**3 + u - 6. Let m = -8 + 0. Let y = m - -8. Give b(y).
-6
Let y(w) = -26*w + 28*w + 3 + 4. What is y(-6)?
-5
Let f be -5 + -1 + 6 + -6. Let n(c) = c**2 + 6*c + 4. Determine n(f).
4
Let h(j) be the third derivative of -j**5/60 + j**4/12 + j**3/6 - 5*j**2. Determine h(4).
-7
Let z(t) = 35*t**3 - 2*t - 24*t**3 + 6*t**2 - 10*t**3. What is z(-6)?
12
Let r(l) be the third derivative of 2*l**5/15 + l**3/6 - 4*l**2. Let x = -5 - -13. Suppose 5*i = 2*i + 3*k + 3, -x = 2*i + 3*k. What is r(i)?
9
Let m be 0/4*2/4. Suppose m*f = -w + 4*f + 17, 0 = -f - 2. Suppose -6*y = -3*y + w. Let v(s) = -s**2 - 5*s - 4. Calculate v(y).
2
Let g = 21 - 13. Let l be g/(-1 + 0) + 1. Let t(x) = -x**2 - 5*x + 8. Give t(l).
-6
Let k = 11 + -2. Let r = -8 + k. Let x(y) be the second derivative of -3*y**5/10 + y**3/3 - y**2/2 + 2*y. Calculate x(r).
-5
Let s(f) = -f**3 + 13*f**2 - 11*f - 8. Let o be s(12). Let n(j) = 4*j**3 - o*j**3 + 10*j**3. Calculate n(1).
10
Suppose 6 = 4*y + 2*a, -2*a + 1 = -3*y + 9. Let z(v) = -v**2 + 4. Let p(o) = 3*o**2 - 11. Let u(f) = 4*p(f) + 11*z(f). Determine u(y).
4
Suppose 4*q - m = 2*m + 20, -2*q + 3*m + 16 = 0. Let a(b) = -2*b + 2*b**q + b**2 - 2 + 4*b - 2*b**2. What is a(-3)?
1
Let g(z) = -z + 1. Let i be (-38)/4 + 8 - 1/2. What is g(i)?
3
Suppose -3*u = -2*u - 5, -4*s - 15 = -3*u. Let j(f) = -f + 12. Determine j(s).
12
Suppose -4*o - 4 = -j - 5, -3*j = o - 10. Let v(z) = 3 - 2 - o + 2 - z. Determine v(-5).
7
Let a(h) = h + 4. Suppose -4*f - f - 5*d - 10 = 0, -24 = 2*f - 3*d. Determine a(f).
-2
Let k(d) = -d**2 - 3*d - 4. Let i(q) = q - 4. Let j be i(0). Calculate k(j).
-8
Let l(b) = 3*b**3 - 3*b**2. Let v be (6/(-4))/(30/(-40)). What is l(v)?
12
Let y(u) = 2*u - 1. Suppose -5 = 3*c + 1. Let s be 2 + 0/(c - 1). Determine y(s).
3
Let a(o) be the second derivative of -o**3/3 - 6*o**2 - 2*o + 7. What is a(-11)?
10
Suppose 10*x + 25 = 15*x. Let y(g) = -g**2 + 3*g + 6. What is y(x)?
-4
Let i(r) be the third derivative of r**4/8 + r**3/6 + 11*r**2. Give i(2).
7
Let a be -1*(-1)/(3/15). Suppose 0*p - a*p = -25. Let v(l) = 3*l**2 + 0*l**3 - p - 7*l**2 + l**3 + 2*l. What is v(4)?
3
Suppose 2*t + 0*t = -2*z - 6, t = z - 5. Let x(g) = -g**3 - 3*g**2 + 5*g + 2. Determine x(t).
-2
Suppose -i = -4*i + 9. Suppose b = -2*a - 5, a + 2*b - i = -10. Let m(w) be the first derivative of -2*w**3 - w**2/2 - w - 1. Determine m(a).
-6
Let f(n) be the second derivative of -11*n**4/12 - n**3/6 - n. Determine f(1).
-12
Suppose -3*c + 8*c = -5. Let m(f) be the third derivative of 7*f**4/24 - f**3/6 + f**2. Determine m(c).
-8
Let r = 3 + -6. Suppose 5*z - 2*o = o + 12, -3*z + 12 = 3*o. Let a(y) = 5*y - 2*y**2 - 3*y**2 - y**z + 2*y**2 + 2 - 6*y. Give a(r).
5
Let n be (1 - (-24)/9) + (-14)/21. Let a(r) be the second derivative of -1/12*r**4 + 5/6*r**3 + 0 + 3/2*r**2 + r. Determine a(n).
9
Let s be 0/(-1 - (-3)/1). Let f = s - 1. Let n(k) = 3*k**3 + k**2 + 2*k + 1. Give n(f).
-3
Let r(m) = -m. Let s = 3 - 1. Let y be r(s). Let d(f) = -6*f**2 - 4*f**2 + 0*f + 2*f + 11*f**2. Give d(y).
0
Let g(n) = -n**3 + 3*n**2 - 2*n + 1. Let q(w) = -w + 13. Let b be q(9). Let u = -16 + b. Let z be (-8 - u) + -1 + 0. What is g(z)?
-5
Let t(w) = w**3 - 2*w**2 + 4*w - 3. Let y be (-1)/((-5)/(40/36) - -4). What is t(y)?
5
Let l(y) = -y**2 + 5*y. Let n(z) be the first derivative of -6*z + 0*z + z - 3 - 4*z + z**2. Let b be n(7). Give l(b).
0
Let r(u) = -2*u**2 + 8*u + 8. Let z(g) = g**2 - 4*g - 4. Let a be (-26)/5 + 3/15. Let q(p) = a*z(p) - 2*r(p). What is q(4)?
4
Let d(k) be the first derivative of -3*k + k**2 - 4 - 1/3*k**3. Give d(3).
-6
Suppose -4*y - y + 10 = 0. Let r(l) = -4 + 2 + 2*l**2 - l + 2*l. Determine r(y).
8
Let n(i) = 168*i - i**2 - 80*i - 4 - 81*i. What is n(5)?
6
Let z(s) = -s**3 + 5*s**2 - 3*s - 2. Let h(v) = v - 5. Let i be h(7). Suppose 3*q + n = 13, 0 = -i*q + 4*q + n - 9. Calculate z(q).
2
Let w(k) = -2*k - 6. Let v be (-1 + 12/3)*1. Let i = v + -8. Determine w(i).
4
Let f(b) be the first derivative of 3*b**4/2 - b**3/3 + b**2/2 - 22. What is f(1)?
6
Let q(i) be the third derivative of -i**4/24 + 2*i**3 - 5*i**2. Let r be q(10). Let v(u) = 0*u - u**2 + u**r - u**2 + 3*u - 3. Give v(2).
-1
Let s(p) = p - 1. Suppose -27 = -3*i + 9. Suppose 0*y = -4*y - i. Determine s(y).
-4
Let o(c) = 1 - 26*c + 61*c - 39*c. Give o(3).
-11
Let q(u) = 6*u**2 + 3*u + 2*u**3 - 6*u**3 - 6 + 3*u**3. Give q(6).
12
Let n(b) be the second derivative of -7*b**4/12 - b**3/6 - 10*b. Suppose -4*t = -2*t - 8. Let j(i) = 3*i**2 + i. Let r(o) = t*n(o) + 9*j(o). Determine r(5).
0
Let v(q) = q + 1. Let s(y) = -3*y + 2. Let p be s(-2). Let t be ((-2)/(-8))/(2/p). Calculate v(t).
2
Suppose 3 = -3*d + 3*l, -4*l + 4 = 3*d - 2*d. Let i(t) = t**2 - 6. What is i(d)?
-6
Let g(u) = u**3 + 12. Let o(m) = m + 16. Let z be o(-16). What is g(z)?
12
Let v(a) = 2*a**2 + 9. Let k(q) = q**2 + 5. Let m(h) = 7*k(h) - 4*v(h). What is m(-2)?
-5
Let o(r) = -3*r**3 - r**2 + r. Suppose 0 = 5*g - 2*d - 5, 8*g - 4*d - 4 = 4*g. Give o(g).
-3
Let j(z) = 3*z**3 - 9*z**2 + 4*z - 1. Let g(v) = -7*v**3 + 19*v**2 - 8*v + 2. Let t(b) = 2*g(b) + 5*j(b). Determine t(6).
-13
Let p(c) = c**2 + 8*c - 30. Let g be p(-11). Let a(y) = -y**3 + 2*y**2 + 3*y + 4. Determine a(g).
4
Let y(q) be the third derivative of -q**6/120 - q**5/60 - q**4/12 + q**3/6 - 9*q**2. Determine y(-2).
9
Suppose 0 = 10*u - 7*u - 6. Suppose -3*t = -5*a + 6, 7 + u = t + 2*a. Suppose 4*s + t + 9 = 0. Let y(q) = -q**3 - 5*q**2 - 5*q - 3. What is y(s)?
-6
Suppose -17*y - 4 = -21*y. Let w(u) = -4*u**2 + u - 1. What is w(y)?
-4
Let f(w) be the first derivative of w**4/24 + 7*w**3/6 - 3*w**2/2 + 3. Let o(a) be the second derivative of f(a). Give o(0).
7
Let y(a) = a + 0*a + 6*a**2 - 2*a**2 + 51*a**3 - 52*a**3. What is y(4)?
4
Let c be (-66)/9 + (-2)/(-6). Let g(t) = -t - 5. Calculate g(c).
2
Let v(u) be the first derivative of 7*u**3/3 + u + 5. What is v(1)?
8
Let d(h) = -h**3 + 5*h**2 + h - 10. Let w be d(5). Let r(v) = 2*v + 1. What is r(w)?
-9
Let i(j) = j**2 - 5*j + 1. Let a(s) = 0*s**2 - s + s**2 - 6 + 5. Let o be a(-2). Give i(o).
1
Let v(t) = 32*t - 8*t**2 + 2 - 32*t - 1. Let u(r) = -r + 10. Let i be u(7). Suppose 2 = 5*s - i. What is v(s)?
-7
Let v be 3/(-2)*(-12)/9. Let x(f) = 4*f**3 + 2*f**3 - 2 - 7*f**3 + v*f. Give x(2).
-6
Let a(f) = -f**2 + 3*f + 1. Let m = -5 + 13. Let l = m - 4. Calculate a(l).
-3
Let j be (0/(-1))/(6 + -7). Le